)/i). What is the greatest common factor of m and d?
11
Let z be (83/3 - (-32)/96) + 9. Calculate the highest common divisor of 1961 and z.
37
Let q(h) = -2*h**3 + 62*h**2 + 71*h + 58. Let m be q(32). Calculate the greatest common divisor of 2 and m.
2
Suppose -4*j = 2*s - 134, 4*s - 75 - 203 = 2*j. Calculate the greatest common factor of s and 368.
23
Let g = -2164 + 2364. Calculate the highest common factor of 44 and g.
4
Let w = 114 + -88. Suppose 5*q - 14 = s, 7*s - w = 6*s - 5*q. Let h = -3 + s. Calculate the greatest common factor of 1 and h.
1
Suppose 3*u - 629 - 491 = -4*c, 3*u = -3*c + 840. What is the highest common divisor of c and 35?
35
Let b(n) = 22*n + 83. Let i be b(-4). Let p(z) = z**3 + 7*z**2 + 4*z + 30. Let m be p(i). Calculate the greatest common factor of 300 and m.
60
Suppose -s - 4*s + 5 = 0. Suppose -6 - 14 = -4*k. Suppose 0 = a - k*t + 9, -s = -2*t + 3. What is the greatest common factor of 2 and a?
1
Let n be 13120/9 + (55/45 - 1). Calculate the highest common factor of 216 and n.
54
Let u(t) = t**2 - 16*t + 16. Let h be u(12). Let y be (h - -7)*(-2)/5. Suppose -3758 = 40*c - 7358. Calculate the highest common divisor of y and c.
10
Let t(y) be the first derivative of 3*y**2 + 10*y - 70. Let v be t(4). Let d be 2/5 + (-846)/(-10). What is the greatest common factor of v and d?
17
Suppose -2*l + 154 = 42. Suppose -135*y - 916 + 1271 = -2480. What is the greatest common divisor of y and l?
7
Suppose 11 = 5*g - 4*m - 9, 3*m + 15 = 4*g. Suppose -7*q + 76 + 8 = g. What is the highest common divisor of q and 204?
12
Suppose 5*a + 26 = 4*o, -2*o - 2*a = -4*a - 12. Suppose o*c + 176 = 3*x, 3*x = c - 3*c - 70. Let k = -26 - c. What is the highest common divisor of k and 135?
15
Let l be (344/24 - 4)*(40 + -1). Calculate the greatest common divisor of l and 775.
31
Suppose -n - 1 = 0, -k + 2*n - n + 44 = 0. Let r = k - 40. Suppose 51 = -r*u + 261. Calculate the highest common factor of u and 28.
14
Suppose j + 61 = 2*c, 0*c - 4*j - 112 = -4*c. Suppose -2*a - 3*k = 7 + 2, -2*k = a + 7. Calculate the highest common factor of c and a.
3
Suppose 5*c + 4776 = 3*m, -4*m + 6*c + 6368 = 10*c. What is the greatest common divisor of 8 and m?
8
Let o = 156 - 153. Suppose -a = r - 9, o*a + 0*r - 39 = 3*r. Let u be 2/(-4 + 2) + 89. What is the highest common divisor of a and u?
11
Let x(r) = -r**3 - 5*r**2 - 10*r + 67. Let n be x(-9). Let b = 184 - 171. What is the greatest common divisor of b and n?
13
Let k be ((-2)/6)/((-2)/6). Let t be (-2)/(-10) + (5 - 376/(-20)). Let x be (-12 + t + -13)*(-2 + 1). What is the highest common divisor of x and k?
1
Let m = -25635 + 30562. Calculate the highest common factor of m and 65.
13
Suppose 3*i - 4*m = -2 + 17, 0 = m. Suppose -6*o - i*n - 92 = -8*o, 5*n = -20. What is the highest common divisor of o and 48?
12
Suppose -596 + 232 = -14*d. Calculate the greatest common factor of 17485 and d.
13
Let p = 291 + 279. Calculate the highest common divisor of 390 and p.
30
Let l = 94 + -105. Let j be (6 - (-1 - l)) + 5. What is the highest common divisor of 37 and j?
1
Let p be 2/(-4)*(11/((-77)/18774) + -4). What is the greatest common divisor of 711 and p?
79
Let u be 2*-1 + (0 - 3/3). Let z be (1 + u/12)*4. Let y(j) = j**2 - 16*j + 16. Let a be y(15). What is the greatest common factor of a and z?
1
Let t(x) = -126*x + 2562. Let o be t(18). Calculate the greatest common factor of o and 48.
6
Let h(g) = 4*g**3 + 3*g**2 - 5*g + 1. Let a be h(1). Suppose o = 4*c + 4*o - 105, -3*c + 79 = 2*o. Calculate the greatest common factor of a and c.
3
Let h = 7249 - 4921. Calculate the highest common divisor of h and 24.
24
Let h be 72538*3/27 + 186/837. What is the greatest common factor of 52 and h?
52
Let c = 183 - 181. Let b be c + 6/2*(-960)/(-9). Calculate the highest common divisor of b and 46.
46
Let t = 1795 + -430. Let x = t - 753. What is the greatest common divisor of 36 and x?
36
Suppose 0*g - 8 = -2*g. Suppose -54 = -5*u + h, g*u - h + 6 = 5*u. Let o be ((-48)/u)/(12/(-80)). Calculate the highest common divisor of o and 4.
4
Let s be (-2)/7 + (-84)/49. Let m(w) = w**3 + 6*w**2 + 4*w + 2. Let r be m(s). Calculate the greatest common divisor of r and 530.
10
Let d(o) = o**3 - 11*o**2 - 121*o - 109. Let m be d(19). What is the highest common divisor of 264 and m?
24
Let f = 7488 + -7374. What is the greatest common divisor of f and 741?
57
Let x be 2*(-1)/4*-4. Suppose 4*t - 2*l - 24 = 0, -4*l - 8 = -2*l. Let n = x + t. What is the highest common factor of n and 24?
6
Suppose -12*u = -44 - 40. Suppose 0 = -4*n + u*n - 576. Calculate the highest common divisor of n and 32.
32
Suppose -5*a + 44 = 2*o, -40 = -2*o + a - 5*a. Suppose -84*u = -6*j - 82*u + 16, 40 = j + 5*u. Calculate the greatest common factor of o and j.
1
Let t(r) = -r**2 + 175*r - 1094. Let i be t(168). Let y(h) = h**3 - h**2 + 41. Let c be y(0). Calculate the greatest common factor of i and c.
41
Suppose -976 = 2*f + 5*q, -3*f + 137 - 1580 = -3*q. Let n = 703 + f. Calculate the highest common factor of n and 275.
55
Suppose -265*m - 63*m = 2*m - 31680. What is the greatest common factor of 1184 and m?
32
Let i(q) = 12*q + 10. Let n be i(-14). Let f = 174 + n. Suppose -u + 149 - 21 = 0. Calculate the greatest common factor of u and f.
16
Let f(g) = 63*g**2 + 2*g + 2. Let m be f(3). Suppose 7*o - 181 = m. Suppose 9*c - 4*c - 360 = 0. Calculate the highest common divisor of o and c.
36
Suppose -c - 585*p = -588*p - 21021, 4*c = 3*p + 84021. What is the greatest common divisor of 400 and c?
200
Let z(s) = 22*s - 1029. Let x be z(48). What is the highest common divisor of 5877 and x?
9
Let w = -64 + 65. Let i be w*(32 - (4 + -5)). Let s be i*(-2 + 14/6). What is the greatest common factor of s and 55?
11
Let s(d) = -2278*d**3 + 12*d**2 + 11*d. Let q be s(-1). Calculate the greatest common divisor of q and 43.
43
Let j(o) = 3*o**2 + 3*o + 6. Let n be j(-2). Suppose n*i - 77 - 175 = 0. What is the greatest common factor of 168 and i?
21
Suppose -5*l + p = 6*p - 195, -2*l + 3*p + 73 = 0. Suppose -72 = -u - l. What is the greatest common divisor of 8 and u?
2
Let m = -37146 + 37173. Let y = -3 - -2. Let i be 2*y + 1 - -19. Calculate the highest common factor of i and m.
9
Suppose -3*n = 9, 4*i + 54*n = 55*n + 887. What is the highest common divisor of i and 312?
13
Let r = -12005 - -12194. Calculate the highest common divisor of r and 28917.
189
Let i be (-3)/(-54)*-3*-3*-78. Let o = -11 - i. What is the greatest common factor of 56 and o?
28
Let q be (7/(14/(-660)))/(-1). Suppose -23040 + 23898 = 39*l. What is the greatest common factor of q and l?
22
Suppose -3*b = -2*i + 958, 1061*i - 1301 = 1058*i - 4*b. Suppose 2*o = 3*o - 130. What is the highest common divisor of i and o?
65
Let u = -45 + 19. Let g = u + 46. Let p be (50/(-10))/(1/(-12)). Calculate the highest common divisor of g and p.
20
Let s = 1885 + -240. Calculate the highest common factor of 94 and s.
47
Let m be 2/12 + (-12975)/(-18) + 5. Calculate the greatest common factor of 66 and m.
66
Let k(f) = -2*f**3 - 32*f**2 + 38*f. Let n be k(-17). Let h be (60/(-8))/((-2)/20). Let d = n + h. Calculate the greatest common factor of d and 28.
7
Let p = 2930 - 2878. Calculate the greatest common divisor of p and 897.
13
Suppose 3*s - 6*s = -15. Suppose s*i - 3*a + 4*a + 1035 = 0, -i - a - 203 = 0. Let m = i - -450. Calculate the highest common factor of 22 and m.
22
Let v be (-2*6)/((-141)/11609). Calculate the highest common divisor of 32 and v.
4
Suppose 4*g - 2*g - 17 = x, 2*g + 1 = -x. Let h be (-1 - 8)/(x/(-252)*-4). What is the highest common factor of h and 63?
63
Suppose -5*a + 2*a = -2*n - 79, -a = -2*n - 33. Calculate the highest common factor of a and 2507.
23
Suppose -j = -101 - 14. Let w(o) = -o**3 + 4*o**2 - 56*o + 310. Let l be w(5). Calculate the greatest common factor of l and j.
5
Let x = 523 + 707. Calculate the greatest common factor of x and 210.
30
Let q = -22 + 38. Let j(a) = a**3 + 16*a**2 + 13*a - 22. Let i be j(-15). Let m be 15 + i + 1*-7. Calculate the highest common divisor of q and m.
16
Suppose -45 = -4*p + 31. Let m = 34 + p. Let n(k) = -2*k**3 + 105*k**2 + 523*k + 13. Let d be n(57). What is the greatest common factor of d and m?
53
Let t(i) be the seco